is divided by 238.
235
What is the remainder when 86152 is divided by 28700?
52
What is the remainder when 5950 is divided by 586?
90
Calculate the remainder when 6408 is divided by 3166.
76
Calculate the remainder when 11071 is divided by 5433.
205
Calculate the remainder when 111104 is divided by 273.
266
Calculate the remainder when 1541 is divided by 256.
5
Calculate the remainder when 1565 is divided by 741.
83
What is the remainder when 258906 is divided by 21574?
18
What is the remainder when 14082 is divided by 240?
162
What is the remainder when 14571 is divided by 239?
231
Calculate the remainder when 772 is divided by 60.
52
What is the remainder when 103128 is divided by 118?
114
Calculate the remainder when 30311 is divided by 3788.
7
What is the remainder when 3907 is divided by 41?
12
What is the remainder when 15165 is divided by 9?
0
What is the remainder when 1366 is divided by 1285?
81
Calculate the remainder when 6739 is divided by 35.
19
Calculate the remainder when 87464 is divided by 1749.
14
Calculate the remainder when 17341 is divided by 255.
1
What is the remainder when 120952 is divided by 624?
520
What is the remainder when 6766 is divided by 296?
254
What is the remainder when 3411 is divided by 1695?
21
What is the remainder when 5255 is divided by 153?
53
Calculate the remainder when 160388 is divided by 43.
41
Calculate the remainder when 82620 is divided by 119.
34
What is the remainder when 1923 is divided by 637?
12
What is the remainder when 9897 is divided by 11?
8
What is the remainder when 5034 is divided by 54?
12
What is the remainder when 4883 is divided by 4839?
44
Calculate the remainder when 6636 is divided by 32.
12
What is the remainder when 8470025 is divided by 499?
498
What is the remainder when 7694 is divided by 112?
78
Calculate the remainder when 25049 is divided by 13.
11
Calculate the remainder when 24079 is divided by 172.
171
What is the remainder when 11264 is divided by 1773?
626
What is the remainder when 1184 is divided by 257?
156
What is the remainder when 2826 is divided by 57?
33
Calculate the remainder when 40094 is divided by 537.
356
Calculate the remainder when 9581 is divided by 11.
0
Calculate the remainder when 18818 is divided by 4665.
158
What is the remainder when 348536 is divided by 348522?
14
What is the remainder when 6539 is divided by 92?
7
Calculate the remainder when 722521 is divided by 25.
21
What is the remainder when 3579 is divided by 351?
69
What is the remainder when 15907 is divided by 33?
1
Calculate the remainder when 253034 is divided by 891.
881
Calculate the remainder when 19925 is divided by 53.
50
Calculate the remainder when 47090 is divided by 47048.
42
What is the remainder when 6693 is divided by 606?
27
What is the remainder when 17126 is divided by 604?
214
What is the remainder when 32124 is divided by 58?
50
Calculate the remainder when 210020 is divided by 1533.
1532
What is the remainder when 9633 is divided by 66?
63
Calculate the remainder when 2000 is divided by 664.
8
Calculate the remainder when 14848 is divided by 347.
274
Calculate the remainder when 408 is divided by 143.
122
Calculate the remainder when 49490 is divided by 1315.
835
What is the remainder when 1562 is divided by 155?
12
Calculate the remainder when 2452 is divided by 19.
1
What is the remainder when 1058046 is divided by 16?
14
Calculate the remainder when 1133 is divided by 144.
125
Calculate the remainder when 3154 is divided by 37.
9
What is the remainder when 13388713 is divided by 45?
43
Calculate the remainder when 15218 is divided by 4820.
758
Calculate the remainder when 25294 is divided by 17.
15
Calculate the remainder when 149927 is divided by 431.
370
What is the remainder when 267372 is divided by 1078?
28
What is the remainder when 5800 is divided by 341?
3
Calculate the remainder when 1913 is divided by 355.
138
Calculate the remainder when 546997 is divided by 878.
3
What is the remainder when 42429 is divided by 2100?
429
Calculate the remainder when 37687 is divided by 65.
52
What is the remainder when 42089 is divided by 1683?
14
Calculate the remainder when 1777 is divided by 564.
85
What is the remainder when 68873 is divided by 22955?
8
What is the remainder when 57 is divided by 5?
2
Calculate the remainder when 12452 is divided by 6224.
4
What is the remainder when 55943 is divided by 444?
443
What is the remainder when 3373 is divided by 833?
41
Calculate the remainder when 14232 is divided by 90.
12
What is the remainder when 982525 is divided by 38?
35
Calculate the remainder when 1746 is divided by 521.
183
What is the remainder when 26939 is divided by 421?
416
What is the remainder when 1365 is divided by 47?
2
Calculate the remainder when 1447 is divided by 239.
13
What is the remainder when 2336 is divided by 21?
5
What is the remainder when 7722 is divided by 2527?
141
What is the remainder when 8248 is divided by 8125?
123
What is the remainder when 4583 is divided by 513?
479
What is the remainder when 3304 is divided by 193?
23
What is the remainder when 4035 is divided by 4034?
1
Calculate the remainder when 419 is divided by 79.
24
Calculate the remainder when 17987 is divided by 2961.
221
Calculate the remainder when 37101 is divided by 16.
13
What is the remainder when 109479 is divided by 514?
511
Calculate the remainder when 39073 is divided by 14.
13
Calculate the remainder when 5412 is divided by 2603.
206
What is the remainder when 63683 is divided by 9075?
158
What is the remainder when 10083 is divided by 51?
36
What is the remainder when 277943 is divided by 39706?
1
What is the remainder when 2408 is divided by 608?
584
What is the remainder when 5132 is divided by 151?
149
Calculate the remainder when 26422 is divided by 228.
202
Calculate the remainder when 57201 is divided by 19056.
33
What is the remainder when 15679 is divided by 131?
90
Calculate the remainder when 4059 is divided by 28.
27
Calculate the remainder when 3892806 is divided by 1223.
1220
What is the remainder when 80777 is divided by 22?
15
What is the remainder when 14189 is divided by 405?
14
What is the remainder when 7560 is divided by 162?
108
What is the remainder when 55576 is divided by 7938?
10
What is the remainder when 941 is divided by 82?
39
Calculate the remainder when 8408 is divided by 2030.
288
What is the remainder when 3260 is divided by 720?
380
Calculate the remainder when 20461 is divided by 553.
0
Calculate the remainder when 1832 is divided by 494.
350
What is the remainder when 9691 is divided by 154?
143
Calculate the remainder when 55490 is divided by 38.
10
What is the remainder when 9740 is divided by 49?
38
What is the remainder when 3304 is divided by 35?
14
What is the remainder when 13832 is divided by 6874?
84
What is the remainder when 439267 is divided by 59?
12
Calculate the remainder when 26573 is divided by 25.
23
What is the remainder when 4068 is divided by 1819?
430
Calculate the remainder when 1424 is divided by 372.
308
Calculate the remainder when 126756 is divided by 497.
21
Calculate the remainder when 2589 is divided by 507.
54
What is the remainder when 524246 is divided by 524240?
6
What is the remainder when 72054 is divided by 29?
18
What is the remainder when 342 is divided by 75?
42
Calculate the remainder when 145702 is divided by 513.
10
What is the remainder when 63734 is divided by 1356?
2
What is the remainder when 269886 is divided by 8?
6
Calculate the remainder when 1106894 is divided by 6668.
6
What is the remainder when 25881 is divided by 166?
151
What is the remainder when 1342 is divided by 566?
210
What is the remainder when 15933 is divided by 5302?
27
What is the remainder when 6130 is divided by 146?
144
What is the remainder when 34802 is divided by 1656?
26
What is the remainder when 67837 is divided by 549?
310
Calculate the remainder when 41010 is divided by 693.
123
What is the remainder when 2124 is divided by 142?
136
Calculate the remainder when 186 is divided by 46.
2
What is the remainder when 109863 is divided by 36621?
0
What is the remainder when 114006 is divided by 509?
499
Calculate the remainder when 84579 is divided by 397.
18
What is the remainder wh